{"id":2,"date":"2015-07-24T15:04:37","date_gmt":"2015-07-24T15:04:37","guid":{"rendered":"http:\/\/www.baden-bowmen.de\/wordpress\/?page_id=2"},"modified":"2023-03-14T15:12:02","modified_gmt":"2023-03-14T14:12:02","slug":"beispiel-seite","status":"publish","type":"page","link":"https:\/\/www.baden-bowmen.de\/wordpress\/?page_id=2","title":{"rendered":"wir \u00fcber uns"},"content":{"rendered":"<p>Der Verein `Baden-Bowmen` wurde von in Rheinm\u00fcnster\/S\u00f6llingen stationierten<br \/>\nkanadischen Streitkr\u00e4ften gegr\u00fcndet. Schon w\u00e4hrend der kanadischen Zeit war<br \/>\nder Verein jedoch nicht ein rein kanadischer oder milit\u00e4rischer, sondern hatte<br \/>\nauch diverse zivile und nichtkanadische Mitglieder.<\/p>\n<p>Der Verein ging nach dem Abzug des Milit\u00e4rs nicht unter, wurde hingegen unter<br \/>\ndem ungemein langen Namen `Verein zur F\u00f6rderung des internationalen Feld- und<br \/>\nJagdbogenschie\u00dfens, Rheinm\u00fcnster, e.V.` in das Vereinsregister eingetragen.<\/p>\n<p>Trotz offizieller Umbenennung des Vereins blieb umgangssprachlich der Name<br \/>\n`Baden Bowmen` nach wie vor erhalten. Im Ergebnis wurde in 2007 der Eintrag<br \/>\nauf den Vereinsnamen `Baden-Bowmen e.V.` final ge\u00e4ndert.<\/p>\n<p>Im Laufe der Zeit wandelte sich der Charakter des Vereins. Urspr\u00fcnglich in der<br \/>\nHauptsache als Trainingsm\u00f6glichkeit f\u00fcr die in Kanada erlaubte und ausge\u00fcbte<br \/>\nBogenjagd eingerichtet, ist der Verein heute auf Sport- und Freizeitbogenschie\u00dfen<br \/>\nausgelegt.<\/p>\n<p><a href=\"http:\/\/www.baden-bowmen.de\/wordpress\/wp-content\/uploads\/2015\/07\/pAnfang.jpg\"><img loading=\"lazy\" class=\"alignnone size-full wp-image-195\" src=\"http:\/\/www.baden-bowmen.de\/wordpress\/wp-content\/uploads\/2015\/07\/pAnfang.jpg\" alt=\"pAnfang\" width=\"600\" height=\"460\" srcset=\"https:\/\/www.baden-bowmen.de\/wordpress\/wp-content\/uploads\/2015\/07\/pAnfang.jpg 600w, https:\/\/www.baden-bowmen.de\/wordpress\/wp-content\/uploads\/2015\/07\/pAnfang-300x230.jpg 300w\" sizes=\"(max-width: 600px) 100vw, 600px\" \/><\/a><\/p>\n","protected":false},"excerpt":{"rendered":"<p>Der Verein `Baden-Bowmen` wurde von in Rheinm\u00fcnster\/S\u00f6llingen stationierten kanadischen Streitkr\u00e4ften gegr\u00fcndet. Schon w\u00e4hrend der kanadischen Zeit war der Verein jedoch nicht ein rein kanadischer oder milit\u00e4rischer, sondern hatte auch diverse zivile und nichtkanadische Mitglieder. Der Verein ging nach dem Abzug des Milit\u00e4rs nicht unter, wurde hingegen unter dem ungemein langen Namen `Verein zur F\u00f6rderung des [&hellip;]<\/p>\n","protected":false},"author":1,"featured_media":0,"parent":0,"menu_order":0,"comment_status":"closed","ping_status":"closed","template":"","meta":{"_s2mail":"yes"},"_links":{"self":[{"href":"https:\/\/www.baden-bowmen.de\/wordpress\/index.php?rest_route=\/wp\/v2\/pages\/2"}],"collection":[{"href":"https:\/\/www.baden-bowmen.de\/wordpress\/index.php?rest_route=\/wp\/v2\/pages"}],"about":[{"href":"https:\/\/www.baden-bowmen.de\/wordpress\/index.php?rest_route=\/wp\/v2\/types\/page"}],"author":[{"embeddable":true,"href":"https:\/\/www.baden-bowmen.de\/wordpress\/index.php?rest_route=\/wp\/v2\/users\/1"}],"replies":[{"embeddable":true,"href":"https:\/\/www.baden-bowmen.de\/wordpress\/index.php?rest_route=%2Fwp%2Fv2%2Fcomments&post=2"}],"version-history":[{"count":22,"href":"https:\/\/www.baden-bowmen.de\/wordpress\/index.php?rest_route=\/wp\/v2\/pages\/2\/revisions"}],"predecessor-version":[{"id":1050,"href":"https:\/\/www.baden-bowmen.de\/wordpress\/index.php?rest_route=\/wp\/v2\/pages\/2\/revisions\/1050"}],"wp:attachment":[{"href":"https:\/\/www.baden-bowmen.de\/wordpress\/index.php?rest_route=%2Fwp%2Fv2%2Fmedia&parent=2"}],"curies":[{"name":"wp","href":"https:\/\/api.w.org\/{rel}","templated":true}]}}